{"id":5072,"date":"2021-10-15T21:26:17","date_gmt":"2021-10-15T19:26:17","guid":{"rendered":"http:\/\/www.hirvikatu10.net\/wordpress.1\/?page_id=5072"},"modified":"2021-10-21T22:09:01","modified_gmt":"2021-10-21T20:09:01","slug":"lina-lurkki-vasteresponse-16-10-7-11-2021","status":"publish","type":"page","link":"https:\/\/www.hirvikatu10.net\/nayttelyt\/lina-lurkki-vasteresponse-16-10-7-11-2021\/","title":{"rendered":"Lina Lurkki: Vaste\/Response 16.10.-7.11.2021"},"content":{"rendered":"<p><a href=\"http:\/\/www.hirvikatu10.net\/wordpress.1\/wp-content\/uploads\/2021\/10\/lina_lurkki_juliste.jpeg\"><img loading=\"lazy\" decoding=\"async\" class=\"alignnone size-full wp-image-5156\" title=\"lina_lurkki_juliste\" src=\"http:\/\/www.hirvikatu10.net\/wordpress.1\/wp-content\/uploads\/2021\/10\/lina_lurkki_juliste.jpeg\" alt=\"\" width=\"211\" height=\"300\" \/><\/a><\/p>\n<blockquote><p>\n<em>Teokset ovat t\u00e4ynn\u00e4 painetta ja ahdistusta.<\/em><br \/>\n<em>Ne ovat solmuun menneiden ajatusten auki kerimist\u00e4.<\/em><br \/>\n<em>Ne ovat mutkikkaiden ongelmien p\u00e4iv\u00e4kirjamaista prosessointia.<\/em><br \/>\n<em>Ne ovat vastineita tilanteisiin, joissa ei ole saanut \u00e4\u00e4nt\u00e4\u00e4n kuuluviin<\/em><br \/>\n<em>\u2013 reaktioita \u00e4rsykkeeseen.<\/em><\/p><\/blockquote>\n<p>Suurin osa n\u00e4yttelyn teoksista on syntynyt spontaanisti ja suunnittelematta. Ne on tehty ensisijaisesti oman turhautuneisuuden purkamiseksi. Ne kuvastavat p\u00e4\u00e4nsis\u00e4ist\u00e4 ahtautta ja sekavuutta, toistensa p\u00e4\u00e4lle vy\u00f6ryvi\u00e4 ajatuksia, puristavaa painetta. Niist\u00e4 on luettavissa eri el\u00e4m\u00e4ntilanteita ja niihin liittyvi\u00e4 tunteita, ep\u00e4ilyksi\u00e4 ja aavistuksia. Punainen toistuu ahdistuneisuutta ja vihaa kuvaavana l\u00e4hes kaikissa t\u00f6iss\u00e4, toisinaan sit\u00e4 viilent\u00e4\u00e4 kolea sininen. Vihre\u00e4n s\u00e4vyt ilment\u00e4v\u00e4t katkeruutta. V\u00e4rien k\u00e4ytt\u00f6 ei kuitenkaan ole ollut harkittua vaan intuitiivista \u2013 holtitontakin. Usein vasta vuosia my\u00f6hemmin ymm\u00e4rt\u00e4\u00e4, mist\u00e4 t\u00f6iss\u00e4 on ollut kyse, ja tunnistaa niist\u00e4 peilautuvia aikakausia. Jokainen teos esittelee eriaikaisen \u2019min\u00e4n\u2019, joskus hillitymm\u00e4n ja itse\u00e4\u00e4n ulkopuolelta katselevan, mutta useimmiten kaoottisen ja hallitsemattoman.<\/p>\n<p>Lina Lurkki (s. 1989) on tamperelainen amat\u00f6\u00f6ritaiteilija. N\u00e4yttelyn teokset ovat p\u00e4\u00e4osin vuosilta 2019\u20132021, vanhimmat noin vuodelta 2013. Vuosien mittaan ilmaisu on kehittynyt abstraktimpaan suuntaan, \u00e4\u00e4riviivat ovat h\u00e4lvenneet kerroksien ja l\u00e4pikuultavuuden lis\u00e4\u00e4ntyess\u00e4. Moniv\u00e4rinen kaaos on yksinkertaistunut p\u00e4\u00e4osin punaisen, mustan ja sinisen s\u00e4vyjen tasapainotteluksi. Yksityiskohtien m\u00e4\u00e4r\u00e4 ei ole v\u00e4hentynyt, mutta niiden mittakaava ja suhde toisiinsa on kasvanut. Piirustukset on tehty p\u00e4\u00e4asiassa tusseilla, toisinaan puuv\u00e4rej\u00e4 apuna k\u00e4ytt\u00e4en, maalaukset akryylimaaleilla tai vesiv\u00e4reill\u00e4. Ne ovat syntyneet harjoittelematta ja toistamatta, ilman teknist\u00e4 osaamista. Lina Lurkki tahtoo korostaa taidetta henkil\u00f6kohtaisena v\u00e4lineen\u00e4 ja harrastuksena sek\u00e4 painottaa sen vapautta tekniikasta, tuottavuudesta ja oikeaoppisuudesta. Ei tarvitse osata mit\u00e4\u00e4n luodakseen jotain.<\/p>\n<p>lurchid@outlook.com<br \/>\nwww.instagram.com\/lurchid.dreaming<\/p>\n<blockquote><p><em>The drawings are full of pressure and anxiety.<\/em><br \/>\n<em>They are unravelings of knotted thoughts.<\/em><br \/>\n<em>They are diary-like processing of intricate problems.<\/em><br \/>\n<em>They are responses to situations where one\u2019s voice wasn\u2019t heard.<\/em><br \/>\n<em>\u2013 reactions to stimulus.<\/em><\/p><\/blockquote>\n<p>Most of the artwork in this exhibition was made spontaneously and without planning. Their primary purpose was to defuse frustration. They reflect crowdedness and confusion of the mind, an avalanche of thoughts and clamped feelings. Different times and events of life can be read from them. The colour red recurs as a depiction of anxiety and anger in almost every drawing, at times accompanied by chilling blue. Shades of green express bitterness. Still the use of colours wasn\u2019t premeditated but intuitive \u2014 reckless even. It is often not until years later that one understands what the work was all about and recognises the eras it reflects. Each work presents &#8216;the self&#8217; from different times, occasionally more composed and selfconscious, but most often chaotic and uncontrolled.<\/p>\n<p>Lina Lurkki (born 1989) is an amateur artist from Tampere. The artwork in the exhibition are mainly from 2019\u20142021, the oldest ones from 2013. Over the years her expression has evolved into a more abstract direction. Outlines have dissolved into layers with increasing translucency and multicoloured chaos has been simplified mainly to a balancing of red, black and blue. The amount of detail has not decreased, but their scale and relation to each other has altered. Drawings are made mainly with markers and occasionally coloured pencils and the paintings using acrylic paint or watercolour. They have been made without rehearsing or repeating, without any understanding of techniques. Lina Lurkki wants to emphasize art as a personal medium and hobby, and stresses its freedom from methods, productivity and orthodoxy. One doesn&#8217;t have to know anything to create something.<\/p>\n<p>lurchid@outlook.com<br \/>\nwww.instagram.com\/lurchid.dreaming<\/p>\n","protected":false},"excerpt":{"rendered":"<p>Teokset ovat t\u00e4ynn\u00e4 painetta ja ahdistusta. Ne ovat solmuun menneiden ajatusten auki kerimist\u00e4. Ne ovat mutkikkaiden ongelmien p\u00e4iv\u00e4kirjamaista prosessointia. Ne ovat vastineita tilanteisiin, joissa ei ole saanut \u00e4\u00e4nt\u00e4\u00e4n kuuluviin \u2013 reaktioita \u00e4rsykkeeseen. Suurin osa n\u00e4yttelyn teoksista on syntynyt spontaanisti ja suunnittelematta. Ne on tehty ensisijaisesti oman turhautuneisuuden purkamiseksi. Ne kuvastavat p\u00e4\u00e4nsis\u00e4ist\u00e4 ahtautta ja sekavuutta, toistensa [&hellip;]<\/p>\n","protected":false},"author":2,"featured_media":0,"parent":3,"menu_order":0,"comment_status":"closed","ping_status":"open","template":"","meta":{"footnotes":""},"class_list":["post-5072","page","type-page","status-publish","hentry"],"_links":{"self":[{"href":"https:\/\/www.hirvikatu10.net\/wp-json\/wp\/v2\/pages\/5072","targetHints":{"allow":["GET"]}}],"collection":[{"href":"https:\/\/www.hirvikatu10.net\/wp-json\/wp\/v2\/pages"}],"about":[{"href":"https:\/\/www.hirvikatu10.net\/wp-json\/wp\/v2\/types\/page"}],"author":[{"embeddable":true,"href":"https:\/\/www.hirvikatu10.net\/wp-json\/wp\/v2\/users\/2"}],"replies":[{"embeddable":true,"href":"https:\/\/www.hirvikatu10.net\/wp-json\/wp\/v2\/comments?post=5072"}],"version-history":[{"count":8,"href":"https:\/\/www.hirvikatu10.net\/wp-json\/wp\/v2\/pages\/5072\/revisions"}],"predecessor-version":[{"id":5158,"href":"https:\/\/www.hirvikatu10.net\/wp-json\/wp\/v2\/pages\/5072\/revisions\/5158"}],"up":[{"embeddable":true,"href":"https:\/\/www.hirvikatu10.net\/wp-json\/wp\/v2\/pages\/3"}],"wp:attachment":[{"href":"https:\/\/www.hirvikatu10.net\/wp-json\/wp\/v2\/media?parent=5072"}],"curies":[{"name":"wp","href":"https:\/\/api.w.org\/{rel}","templated":true}]}}